((-10)/(-1225))?
9
What is the tens digit of -2*4 - ((-27945)/15 - -13)?
4
Suppose -f = m - 616, -4*m = 3*f + m - 1838. Suppose 0 = -616*r + f*r - 6590. What is the thousands digit of r?
1
Suppose -2*u = -0*u - 4*h - 1280, h + 3164 = 5*u. Suppose 0 = -31*d + 23*d + u. What is the units digit of d?
9
Let n(f) = f**2 - 3*f + 894. Suppose -8*g = 6*g. What is the tens digit of n(g)?
9
What is the units digit of 7/(-56)*2 - 1235206/(-56)?
7
Suppose -3*l + 64 = -122. Suppose 0 = 5*x - 10*x - 3*a + l, 5*a = -3*x + 50. What is the tens digit of x?
1
Let t = 7593 - -4481. What is the thousands digit of t?
2
Suppose -28*z - 20 = -23*z. Let b(n) = -38*n - 12. What is the tens digit of b(z)?
4
Suppose -5*k = -2*k - 6. Suppose -k = v - 4. Suppose 7*o - v*o = 165. What is the tens digit of o?
3
Let x(g) = -15*g**2 - 787*g + 128. What is the units digit of x(-37)?
2
Let q(r) be the second derivative of 1/6*r**3 + 10*r + 0 + 11*r**2 + 1/12*r**4. What is the units digit of q(8)?
4
What is the thousands digit of (246/205)/((-43102)/(-21550) + -5 + 3)?
2
Let b be (1/4)/((-12)/(-192)). Suppose -192 = -n - b*m, -2*n - 218 = m - 637. What is the tens digit of n?
1
Let y(u) = 7*u**2 + 38*u + 10. Let s be y(-9). Suppose -770 + s = -c. Let j = -374 + c. What is the units digit of j?
1
Let g(k) = k**2 + 12*k + 4. Let y = 12 - 20. Let x be g(y). Let j = 136 + x. What is the tens digit of j?
0
Suppose -3*w - 35 = -53. Suppose -w*c - 2392 = -19*c. What is the hundreds digit of c?
1
Suppose -11*t = t + 288. Let a = t + 26. Suppose -3*j + w + 663 = -2*w, -a = -w. What is the hundreds digit of j?
2
Let n(u) = -10*u**3 - 16*u**2 - 35*u - 229. What is the hundreds digit of n(-9)?
0
Suppose -2*m - 1297 + 4507 = 0. Suppose 27*h - m = 24*h. What is the hundreds digit of h?
5
Let g be (30/(-8))/(-5) - 25/(-4). Let i = g - 2. Suppose -i*k = -2*t + 10, -3*t + 2*t + 4*k = -2. What is the tens digit of t?
1
Let z = -503 - -3540. What is the hundreds digit of z?
0
What is the hundreds digit of -9827*9/(-12) + 141/188?
3
Let b = -27 - -42. Let j(s) = -s**2 + 14*s + 14. Let p be j(b). What is the tens digit of 5 + 37 - 3*p?
4
Let t = 16 + -11. Suppose -t*z - 5 = -6*z. Suppose z*b - 258 - 52 = 0. What is the units digit of b?
2
Suppose 4*f - n + 158 = 0, 4*n = 3*f - 4*f - 31. Let z(w) = -2*w**2 - 96*w - 92. What is the units digit of z(f)?
0
Suppose -39*l + 2*p - 43846 = -41*l, 87657 = 4*l - p. What is the hundreds digit of l?
9
Let h be 157 - (-1 + (0 - 2)). Suppose 2*p = -2*p + h. Suppose -p*j = -37*j - 153. What is the units digit of j?
1
Let s = 9112 - 1693. What is the hundreds digit of s?
4
Suppose 18*d + 6954 = 271464. What is the units digit of d?
5
Suppose 5*r = 63 + 977. Suppose 2*f - r = -72. What is the units digit of f?
8
Let c be (-5 - -14) + -6 + -1. Suppose c*g - 2988 = -4*g. What is the units digit of g?
8
Let u be -2 - ((0 - -3) + 51). Let a = -50 - u. Suppose a*s + 210 = 1290. What is the hundreds digit of s?
1
Let o(q) = 235*q + 3128. What is the thousands digit of o(10)?
5
Let g = 115 - 103. Let a be g/(-8) + 35/2. Suppose -a*n + 159 = -609. What is the units digit of n?
8
Let v = 93 - 66. Let m be v/12*(-2)/3*2. What is the units digit of -1*((3 - 1) + m) - -6?
7
Let b = 4962 - 1577. Let z = b + -2130. What is the units digit of z?
5
Suppose 10*a = 4*w + 14*a - 27824, -5*w - a + 34752 = 0. What is the hundreds digit of w?
9
Let m(o) = 76*o**2 - 3*o + 4. Let p be m(1). Suppose -r + 460 = -p. What is the tens digit of r?
3
Let u be 3308/20 + (-6)/(-10). Suppose -3*v - u = 20. Let b = 31 - v. What is the units digit of b?
3
Let q(b) = 23*b + 15*b - 16*b - 36. What is the units digit of q(8)?
0
Let d(m) = 30 - 279*m - 31 - 60 - 24. What is the hundreds digit of d(-5)?
3
Suppose 2*h = -5*h + 728. Let p be (-2)/(-9) + h/18. Suppose -399 = -p*a + 135. What is the tens digit of a?
8
Suppose 0 = 13*r - 23*r + 7870. Let s = r - 245. What is the hundreds digit of s?
5
Let x(h) = -4*h**2 + 3*h - 24. Let v(o) = 7*o**2 - 5*o + 50. Let g(u) = -4*v(u) - 10*x(u). What is the hundreds digit of g(-8)?
8
Suppose y - 4*y + g + 7 = 0, -3*y - g + 11 = 0. Suppose 0 = 5*z - 5*v - 6925, 0 = 5*z - 3*z + y*v - 2790. What is the units digit of z?
9
Let m = -52 - 10. Let p be ((-3)/(-5))/(-6 - m/10). What is the tens digit of ((-999)/(-36))/(p*(-1)/(-20))?
8
Let z = -223 + 225. What is the thousands digit of (65 + -2339)*z/(-4)?
1
Let r(k) be the third derivative of -5*k**4/24 - k**3/2 - 31*k**2. Suppose 0*y = 3*y + 42. What is the tens digit of r(y)?
6
What is the units digit of (404/6)/(4 - 13307/19971*6)?
7
Let r(z) be the second derivative of 67*z**3 - 5*z**2/2 + 18*z. What is the tens digit of r(1)?
9
Suppose -23*f + 244929 + 16984 = 41803. What is the thousands digit of f?
9
Let u = -267 - -261. What is the tens digit of -2*(-204)/(-8)*20/u?
7
Suppose 0 = -y + 3*t + 35084, -t + 25333 = 2*y - 44828. What is the ten thousands digit of y?
3
Let c = -31 + 34. Let j(q) = 139*q + 15. What is the hundreds digit of j(c)?
4
Suppose -211*o - q = -206*o - 64974, 0 = -o - 5*q + 12966. What is the ten thousands digit of o?
1
Suppose 3*u - 31 = -19. Suppose -5*k = -u*b - 266 - 2291, -4*b = 12. What is the units digit of k?
9
Let z = 31 + -13. Suppose 12*s - z = 10*s. Suppose -v + 49 = -s. What is the units digit of v?
8
Let z(y) = 34*y**2 + 17 - 28*y**2 + 8 - y - 9. Let k be z(-8). Let p = -242 + k. What is the hundreds digit of p?
1
Let y = -1018 - -591. Let k = -253 - y. What is the tens digit of k?
7
What is the ten thousands digit of (5/(-20))/((-9)/54 + (-33463)/(-200796))?
1
Let q(d) = d**3 + 63*d**2 + 35*d + 339. What is the thousands digit of q(-60)?
9
Let j be (3/2)/((-6)/16). Suppose -19*o = -29*o + 280. What is the units digit of (j/10)/(o/(-1960))?
8
Let i = -26 + 297. Suppose 2*q + i = -3*d - 24, 0 = 3*q - 12. Let u = 147 - d. What is the tens digit of u?
4
Suppose 3*x + 4*y = 55251, -5*x - 5*y + y + 92077 = 0. What is the ten thousands digit of x?
1
What is the units digit of (9 + -19013)/(-4) - (1 - -2)?
8
Suppose 16438*z - 16429*z - 1818 = 0. What is the hundreds digit of z?
2
Let m(k) = 2*k**2 - 16*k + 20. Suppose 0 = 2*j + 5*b - 44, -65 - 5 = -4*j - b. What is the units digit of m(j)?
6
Suppose -3*q + 20*r - 19*r + 15341 = 0, 0 = -5*q + 4*r + 25573. What is the tens digit of q?
1
Let m be (-4)/(-10) - (-222)/120*-4. What is the units digit of 11/((6/(-5334)*m)/1)?
7
Let z = -1085 - -2872. What is the thousands digit of z?
1
Let g(k) = 29*k - 34. Let m be g(-6). Let c = -40 - m. What is the tens digit of c?
6
Suppose 0 = g - 5*r - 259, 1 = r + 3. Let k = g + -72. Let d = k + -21. What is the units digit of d?
6
Suppose -85*k = -89*k + 15576. Suppose 29*s - k = 10809. What is the units digit of s?
7
Suppose 126*r - 130*r + 46584 = -4*y, 46576 = 4*r - 2*y. What is the thousands digit of r?
1
Let q(l) = -l**3 - 33*l**2 + 201*l + 93. What is the units digit of q(-42)?
7
Suppose 0 = 2*u + 10*u + 4728. Let q = -380 - u. What is the units digit of q?
4
Suppose 19*d - 659520 = d. Suppose 0 = -35*s + 3*s + d. What is the units digit of s?
5
Suppose 2*i - 49636 = -18*b, 59308 + 64782 = 5*i + 3*b. What is the units digit of i?
8
Let m be 2 - (6/(-2) + -7). Let a be (-316)/m - 6 - 1/(-3). What is the hundreds digit of ((-90)/8)/(2 - (-66)/a)?
1
Let n(q) = -13460*q - 7155. What is the ten thousands digit of n(-5)?
6
Let k(r) = -r**2 + 31*r - 6. Let l be k(30). Suppose -7 = 17*b - l*b. What is the tens digit of b*10*(-220)/(-40)?
5
Suppose 3*c = -14 + 23, -3*m + 4*c = 12. Suppose 2*f + a - 173 = m, 3*f + 7*a - 2*a - 270 = 0. What is the units digit of f?
5
Suppose -3*n - 16*i + 19*i = -1980, -5*n - 3*i + 3324 = 0. Let o = -27 + n. What is the units digit of o?
6
Suppose -2*s = -4*x - 28, 5*s = x - 0*x + 43. Let u be (-5088)/33 + s/44. Let j = -96 - u. What is the units digit of j?
8
Let s(d) be the first derivative of -d**3/3 + 9*d**2 + 18*d - 91. Let k = -32 + 47. What is the units digit of s(k)?
3
Suppose a - 364 = -3*g, -4*a + 7*g - 2*g + 1524 = 0. Let k(f) = -f**2 - 50*f + 28. Let h be k(-23). Let o = h - a. What is the units digit of o?
3
Let j be (-2*(-1)/(-2))/(8/(-40)). Suppose j*d + 140 = -10. Let s = d - -183. What is the hundreds digit of s?
1
Let p(o) = -7*o + 12. Let w = -30 + 16. Le